{"id":4015,"date":"2022-03-09T16:52:53","date_gmt":"2022-03-09T15:52:53","guid":{"rendered":"https:\/\/apmanagement.eu\/it\/?page_id=4015"},"modified":"2022-03-09T16:53:00","modified_gmt":"2022-03-09T15:53:00","slug":"laboratorio-della-democrazia","status":"publish","type":"page","link":"https:\/\/apmanagement.eu\/it\/laboratorio-della-democrazia\/","title":{"rendered":"LABORATORIO DELLA DEMOCRAZIA"},"content":{"rendered":"<p>[et_pb_section fb_built=&#8221;1&#8243; admin_label=&#8221;Page Title Section&#8221; _builder_version=&#8221;4.9.4&#8243; background_color_gradient_direction=&#8221;115deg&#8221; background_image=&#8221;https:\/\/apmanagement.eu\/it\/wp-content\/uploads\/2022\/02\/DSC_8995-copia-scaled.jpg&#8221; custom_padding=&#8221;467px||0px|||&#8221; hover_enabled=&#8221;0&#8243; locked=&#8221;off&#8221; background_position=&#8221;center_left&#8221; sticky_enabled=&#8221;0&#8243;][et_pb_row _builder_version=&#8221;3.25&#8243; background_color=&#8221;#383e59&#8243; background_size=&#8221;initial&#8221; background_position=&#8221;top_left&#8221; background_repeat=&#8221;repeat&#8221; max_width=&#8221;1043px&#8221; custom_margin=&#8221;|-29px||0px||&#8221; custom_padding=&#8221;18px|40px||10%||&#8221; animation_style=&#8221;slide&#8221; animation_direction=&#8221;left&#8221; animation_intensity_slide=&#8221;2%&#8221; border_radii=&#8221;||6px|6px|&#8221; border_width_right=&#8221;30px&#8221; border_color_right=&#8221;#bdada0&#8243; use_custom_width=&#8221;on&#8221; custom_width_px=&#8221;960px&#8221; locked=&#8221;off&#8221;][et_pb_column type=&#8221;4_4&#8243; _builder_version=&#8221;3.25&#8243; custom_padding=&#8221;|||&#8221; custom_padding_tablet=&#8221;|||10%&#8221; custom_padding_last_edited=&#8221;off|desktop&#8221; custom_padding__hover=&#8221;|||&#8221;][et_pb_text admin_label=&#8221;Title&#8221; _builder_version=&#8221;4.9.4&#8243; header_font=&#8221;Abhaya Libre|700|||||||&#8221; header_font_size=&#8221;70px&#8221; header_line_height=&#8221;1.2em&#8221; background_layout=&#8221;dark&#8221; custom_margin=&#8221;|||-161px||&#8221; custom_padding=&#8221;|0px||0px||&#8221; header_font_size_tablet=&#8221;40px&#8221; header_font_size_phone=&#8221;&#8221; header_font_size_last_edited=&#8221;on|tablet&#8221;]<\/p>\n<h1>Il Laboratorio della Democrazia<\/h1>\n<h5>UN PROGETTO DI CEM MANSUR<\/h5>\n<p>[\/et_pb_text][\/et_pb_column][\/et_pb_row][\/et_pb_section][et_pb_section fb_built=&#8221;1&#8243; _builder_version=&#8221;3.22.3&#8243; custom_margin=&#8221;0px|||||&#8221;][et_pb_row _builder_version=&#8221;3.25&#8243; background_size=&#8221;initial&#8221; background_position=&#8221;top_left&#8221; background_repeat=&#8221;repeat&#8221; custom_padding=&#8221;2px|||||&#8221;][et_pb_column type=&#8221;4_4&#8243; _builder_version=&#8221;3.25&#8243; custom_padding=&#8221;|||&#8221; custom_padding__hover=&#8221;|||&#8221;][et_pb_text _builder_version=&#8221;4.9.4&#8243; text_orientation=&#8221;justified&#8221;]<\/p>\n<p class=\"p1\"><b>Il Laboratorio della Democrazia \u2013 Una Sessione Orchestrale<\/b><\/p>\n<p class=\"p3\">In tutto il mondo, i promotori musicali sono ormai sempre pi\u00f9 preoccupati riguardo all&#8217;invecchiamento e alla progressiva diminuzione del pubblico interessato alla fruizione di spettacoli di musica classica. C&#8217;\u00e8 una pervasiva e generale sensazione che questo tipo di musica non sia pi\u00f9 rilevante nel 21esimo secolo, un&#8217;era in cui la gratificazione istantanea e brevi tempi di attenzione sono diventati la norma. Tutto ci\u00f2 ha ampiamente a che vedere con il dare per scontato la grande tradizione della musica classica.<\/p>\n<p class=\"p3\">Come parte di un programma educativo, la musica classica ha bisogno di essere presentata in un contesto che riaffermi il suo valore senza tempo e la sua universalit\u00e0 come anche il fatto che essa pu\u00f2 fungere da strumento per la coesione sociale e l&#8217;integrazione delle comunit\u00e0 di migranti o minoranze in genere.<\/p>\n<p class=\"p3\">Qualsiasi affermazione riguardante il fascino universale della cultura musicale &#8220;occidentale&#8221; rispetto ad altre pu\u00f2 essere vista come &#8220;eurocentrica&#8221; e politicamente poco corretta.<\/p>\n<p class=\"p3\">Tuttavia, condividere pensieri riguardanti i valori universali propri della musica e trasmissibili attraverso la stessa, \u00e8 fondamentale per accrescere nel pubblico un senso di appartenenza ed assicurare partecipazione, e anche finanziamento, al settore musicale.<\/p>\n<p class=\"p3\">Come musicista che ha avuto l&#8217;opportunit\u00e0 di esplorare la validit\u00e0 di queste argomentazioni in suolo straniero, il direttore turco <b>Cem Mansur<\/b> \u00e8 in una buona posizione per sostenere questa tesi per cui la musica classica occidentale possa essere utilizzata come efficace strumento per promuovere l&#8217;integrazione culturale, attraverso la partecipazione di orchestre e teatri d&#8217;opera locali.<\/p>\n<p class=\"p3\">Nelle parole di Cem Mansur, di seguito una sintesi del suo approccio al Laboratorio della Democrazia.<\/p>\n<p class=\"p3\"><b>Coesistenza, identit\u00e0, tempo.<\/b><\/p>\n<p class=\"p3\">Sulla base dell&#8217;esperienza passata, posso proporre una sessione di due ore che pu\u00f2 essere ripetuta pi\u00f9 volte e anche in luoghi diversi. Questa sarebbe una sorta di prova aperta o un seminario, seguito anche da un concerto (dove le condizioni e il tempo lo consentono). Come introduzione all&#8217;evento principale si potrebbero anche organizzare delle \u201cuscite\u201d nelle comunit\u00e0 per avviare delle conversazioni sul ruolo della musica classica; perch\u00e9 sento che ha un messaggio che pu\u00f2 andare ben oltre le condizioni storiche e geografiche della creazione di questi capolavori; i valori universali a cui aspira il mondo intero e che esistono nel codice emotivo nella musica scritta; la dichiarazione dei diritti umani, i progressi nell&#8217;assistenza sanitaria, la Riforma, l&#8217;Illuminismo, la rivoluzione industriale, ecc. Discuteremo la questione dell&#8217;identit\u00e0 e perch\u00e9 le comunit\u00e0 di immigrati generalmente evitino la cultura classica<b> <\/b>tradizionale (come andare a concerti e a teatro) quando in realt\u00e0 questo permetterebbe loro di sentirsi a casa in identit\u00e0 multiple senza doverne scegliere una sola. La musica pu\u00f2 aiutare a stabilire una connessione emotiva con la storia e la cultura del paese ospitante. Ascoltare Beethoven nella nostra vita ci pu\u00f2 solo rendere pi\u00f9 ricchi, non meno turchi, inglesi, italiani ecc. La musica \u00e8 l&#8217;unico mezzo in cui \u00e8 possibile una doppia identit\u00e0 nazionale. La musica ci dimostra l&#8217;inutilit\u00e0 di sottostare a rigidi stereotipi nazionali.<\/p>\n<p class=\"p3\">Questa sessione di prove aperta al pubblico si chiamerebbe:<\/p>\n<p class=\"p3\"><b><i>\u201cIl Laboratorio della Democrazia\u201d<\/i><\/b><\/p>\n<p class=\"p3\">Democrazia e Orchestra Sinfonica non sono quasi mai citate in uno stesso discorso, ma io vorrei dimostrare che l&#8217;orchestra \u00e8 la migliore metafora di una societ\u00e0 in cui interagiscono voci diverse e in cui elementi apparentemente inconciliabili si combinano per formare un insieme armonioso. In nessun caso la volont\u00e0 e l&#8217;istinto di coesistere sono cos\u00ec forti come in un&#8217;orchestra. Questo, in linea con una mutevole cultura della leadership, mi permette di dimostrare che ogni istanza di conflitto umano e la sua risoluzione si trova anche nelle pagine di ogni grande sinfonia. Le prove si svolgerebbero con il pubblico presente,<span class=\"Apple-converted-space\">\u00a0 <\/span>utilizzando i cinque concetti base della democrazia come punti di riferimento: leggi dettate dalla maggioranza e diritti delle minoranze, uguaglianza davanti alla legge, valore individuale, compromesso, libert\u00e0 personale.<\/p>\n<p class=\"p3\">Inoltre, in merito alla natura della leadership: in un&#8217;orchestra non c&#8217;\u00e8 posto per un dittatore musicale. Un leader pu\u00f2 diventare necessario ed anche un \u201cmale necessario\u201d nel contesto storico. In un&#8217;orchestra, il ruolo del direttore \u00e8 quello di responsabilizzare i musicisti attraverso la condivisione di informazioni, quello di motivarli a contribuire verso un \u201ctutto\u201d pi\u00f9 grande di se stessi.<\/p>\n<p class=\"p3\">Oltre a quanto gi\u00e0 detto, durante la sessione di prove aperte cercherei anche di far riflettere sull&#8217;importanza di ascoltare le esibizioni dal vivo in un mondo in cui l&#8217;ascolto \u00e8 stato per lo pi\u00f9 limitato alle registrazioni. Questo consentirebbe di sperimentare davvero il concetto di tempo come materia prima di cui \u00e8 fatta la musica, incoraggiando una cultura dell&#8217;ascolto che aiuti a dare un senso a ogni secondo come una realt\u00e0 fugace, la lunghezza di una frase musicale o un&#8217;opera come metafora dell&#8217;essere vivi, la musica come unica attivit\u00e0 umana che ci rende consapevoli della caducit\u00e0 del tempo e che ci incoraggia quindi a valorizzarlo. Questa consapevolezza dovrebbe essere parte di qualsiasi argomentazione sull&#8217;esistenza di un&#8217;orchestra.<\/p>\n<p>[\/et_pb_text][et_pb_divider color=&#8221;#000000&#8243; _builder_version=&#8221;4.3.2&#8243;][\/et_pb_divider][\/et_pb_column][\/et_pb_row][et_pb_row _builder_version=&#8221;4.3.2&#8243;][et_pb_column type=&#8221;4_4&#8243; _builder_version=&#8221;4.3.2&#8243;][et_pb_image src=&#8221;https:\/\/apmanagement.eu\/it\/wp-content\/uploads\/2022\/02\/20170830_Turecka-filharmonie-mladych_22_c_PetraHajska-copia-scaled.jpg&#8221; title_text=&#8221;20170830_Turecka filharmonie mladych_22_(c)_PetraHajska copia&#8221; align=&#8221;center&#8221; _builder_version=&#8221;4.9.4&#8243; width=&#8221;60%&#8221;][\/et_pb_image][\/et_pb_column][\/et_pb_row][et_pb_row _builder_version=&#8221;4.3.2&#8243;][et_pb_column type=&#8221;4_4&#8243; _builder_version=&#8221;4.3.2&#8243;][et_pb_button button_url=&#8221;https:\/\/apmanagement.eu\/it\/cem-mansur\/&#8221; button_text=&#8221;SCOPRI DI PI\u00d9 SU CEM&#8221; button_alignment=&#8221;center&#8221; _builder_version=&#8221;4.9.4&#8243;][\/et_pb_button][\/et_pb_column][\/et_pb_row][\/et_pb_section]<\/p>\n","protected":false},"excerpt":{"rendered":"<p>Il Laboratorio della Democrazia UN PROGETTO DI CEM MANSUR Il Laboratorio della Democrazia \u2013 Una Sessione Orchestrale In tutto il mondo, i promotori musicali sono ormai sempre pi\u00f9 preoccupati riguardo all&#8217;invecchiamento e alla progressiva diminuzione del pubblico interessato alla fruizione di spettacoli di musica classica. C&#8217;\u00e8 una pervasiva e generale sensazione che questo tipo di [&hellip;]<\/p>\n","protected":false},"author":2,"featured_media":0,"parent":0,"menu_order":0,"comment_status":"closed","ping_status":"closed","template":"","meta":{"_et_pb_use_builder":"on","_et_pb_old_content":"","_et_gb_content_width":"","footnotes":""},"class_list":["post-4015","page","type-page","status-publish","hentry"],"_links":{"self":[{"href":"https:\/\/apmanagement.eu\/it\/wp-json\/wp\/v2\/pages\/4015","targetHints":{"allow":["GET"]}}],"collection":[{"href":"https:\/\/apmanagement.eu\/it\/wp-json\/wp\/v2\/pages"}],"about":[{"href":"https:\/\/apmanagement.eu\/it\/wp-json\/wp\/v2\/types\/page"}],"author":[{"embeddable":true,"href":"https:\/\/apmanagement.eu\/it\/wp-json\/wp\/v2\/users\/2"}],"replies":[{"embeddable":true,"href":"https:\/\/apmanagement.eu\/it\/wp-json\/wp\/v2\/comments?post=4015"}],"version-history":[{"count":5,"href":"https:\/\/apmanagement.eu\/it\/wp-json\/wp\/v2\/pages\/4015\/revisions"}],"predecessor-version":[{"id":4024,"href":"https:\/\/apmanagement.eu\/it\/wp-json\/wp\/v2\/pages\/4015\/revisions\/4024"}],"wp:attachment":[{"href":"https:\/\/apmanagement.eu\/it\/wp-json\/wp\/v2\/media?parent=4015"}],"curies":[{"name":"wp","href":"https:\/\/api.w.org\/{rel}","templated":true}]}}

<p>[et_pb_section fb_built=&#8221;1&#8243; admin_label=&#8221;Page Title Section&#8221; _builder_version=&#8221;4.9.4&#8243; background_color_gradient_direction=&#8221;115deg&#8221; background_image=&#8221;https://apmanagement.eu/it/wp-content/uploads/2022/02/DSC_8995-copia-scaled.jpg&#8221; custom_padding=&#8221;467px||0px|||&#8221; hover_enabled=&#8221;0&#8243; locked=&#8221;off&#8221; background_position=&#8221;center_left&#8221; sticky_enabled=&#8221;0&#8243;][et_pb_row _builder_version=&#8221;3.25&#8243; background_color=&#8221;#383e59&#8243; background_size=&#8221;initial&#8221; background_position=&#8221;top_left&#8221; background_repeat=&#8221;repeat&#8221; max_width=&#8221;1043px&#8221; custom_margin=&#8221;|-29px||0px||&#8221; custom_padding=&#8221;18px|40px||10%||&#8221; animation_style=&#8221;slide&#8221; animation_direction=&#8221;left&#8221; animation_intensity_slide=&#8221;2%&#8221; border_radii=&#8221;||6px|6px|&#8221; border_width_right=&#8221;30px&#8221; border_color_right=&#8221;#bdada0&#8243; use_custom_width=&#8221;on&#8221; custom_width_px=&#8221;960px&#8221; locked=&#8221;off&#8221;][et_pb_column type=&#8221;4_4&#8243; _builder_version=&#8221;3.25&#8243; custom_padding=&#8221;|||&#8221; custom_padding_tablet=&#8221;|||10%&#8221; custom_padding_last_edited=&#8221;off|desktop&#8221; custom_padding__hover=&#8221;|||&#8221;][et_pb_text admin_label=&#8221;Title&#8221; _builder_version=&#8221;4.9.4&#8243; header_font=&#8221;Abhaya Libre|700|||||||&#8221; header_font_size=&#8221;70px&#8221; header_line_height=&#8221;1.2em&#8221; background_layout=&#8221;dark&#8221; custom_margin=&#8221;|||-161px||&#8221; custom_padding=&#8221;|0px||0px||&#8221; header_font_size_tablet=&#8221;40px&#8221; header_font_size_phone=&#8221;&#8221; header_font_size_last_edited=&#8221;on|tablet&#8221;]</p>
<h1>Il Laboratorio della Democrazia</h1>
<h5>UN PROGETTO DI CEM MANSUR</h5>
<p>[/et_pb_text][/et_pb_column][/et_pb_row][/et_pb_section][et_pb_section fb_built=&#8221;1&#8243; _builder_version=&#8221;3.22.3&#8243; custom_margin=&#8221;0px|||||&#8221;][et_pb_row _builder_version=&#8221;3.25&#8243; background_size=&#8221;initial&#8221; background_position=&#8221;top_left&#8221; background_repeat=&#8221;repeat&#8221; custom_padding=&#8221;2px|||||&#8221;][et_pb_column type=&#8221;4_4&#8243; _builder_version=&#8221;3.25&#8243; custom_padding=&#8221;|||&#8221; custom_padding__hover=&#8221;|||&#8221;][et_pb_text _builder_version=&#8221;4.9.4&#8243; text_orientation=&#8221;justified&#8221;]</p>
<p class="p1"><b>Il Laboratorio della Democrazia – Una Sessione Orchestrale</b></p>
<p class="p3">In tutto il mondo, i promotori musicali sono ormai sempre più preoccupati riguardo all&#8217;invecchiamento e alla progressiva diminuzione del pubblico interessato alla fruizione di spettacoli di musica classica. C&#8217;è una pervasiva e generale sensazione che questo tipo di musica non sia più rilevante nel 21esimo secolo, un&#8217;era in cui la gratificazione istantanea e brevi tempi di attenzione sono diventati la norma. Tutto ciò ha ampiamente a che vedere con il dare per scontato la grande tradizione della musica classica.</p>
<p class="p3">Come parte di un programma educativo, la musica classica ha bisogno di essere presentata in un contesto che riaffermi il suo valore senza tempo e la sua universalità come anche il fatto che essa può fungere da strumento per la coesione sociale e l&#8217;integrazione delle comunità di migranti o minoranze in genere.</p>
<p class="p3">Qualsiasi affermazione riguardante il fascino universale della cultura musicale &#8220;occidentale&#8221; rispetto ad altre può essere vista come &#8220;eurocentrica&#8221; e politicamente poco corretta.</p>
<p class="p3">Tuttavia, condividere pensieri riguardanti i valori universali propri della musica e trasmissibili attraverso la stessa, è fondamentale per accrescere nel pubblico un senso di appartenenza ed assicurare partecipazione, e anche finanziamento, al settore musicale.</p>
<p class="p3">Come musicista che ha avuto l&#8217;opportunità di esplorare la validità di queste argomentazioni in suolo straniero, il direttore turco <b>Cem Mansur</b> è in una buona posizione per sostenere questa tesi per cui la musica classica occidentale possa essere utilizzata come efficace strumento per promuovere l&#8217;integrazione culturale, attraverso la partecipazione di orchestre e teatri d&#8217;opera locali.</p>
<p class="p3">Nelle parole di Cem Mansur, di seguito una sintesi del suo approccio al Laboratorio della Democrazia.</p>
<p class="p3"><b>Coesistenza, identità, tempo.</b></p>
<p class="p3">Sulla base dell&#8217;esperienza passata, posso proporre una sessione di due ore che può essere ripetuta più volte e anche in luoghi diversi. Questa sarebbe una sorta di prova aperta o un seminario, seguito anche da un concerto (dove le condizioni e il tempo lo consentono). Come introduzione all&#8217;evento principale si potrebbero anche organizzare delle “uscite” nelle comunità per avviare delle conversazioni sul ruolo della musica classica; perché sento che ha un messaggio che può andare ben oltre le condizioni storiche e geografiche della creazione di questi capolavori; i valori universali a cui aspira il mondo intero e che esistono nel codice emotivo nella musica scritta; la dichiarazione dei diritti umani, i progressi nell&#8217;assistenza sanitaria, la Riforma, l&#8217;Illuminismo, la rivoluzione industriale, ecc. Discuteremo la questione dell&#8217;identità e perché le comunità di immigrati generalmente evitino la cultura classica<b> </b>tradizionale (come andare a concerti e a teatro) quando in realtà questo permetterebbe loro di sentirsi a casa in identità multiple senza doverne scegliere una sola. La musica può aiutare a stabilire una connessione emotiva con la storia e la cultura del paese ospitante. Ascoltare Beethoven nella nostra vita ci può solo rendere più ricchi, non meno turchi, inglesi, italiani ecc. La musica è l&#8217;unico mezzo in cui è possibile una doppia identità nazionale. La musica ci dimostra l&#8217;inutilità di sottostare a rigidi stereotipi nazionali.</p>
<p class="p3">Questa sessione di prove aperta al pubblico si chiamerebbe:</p>
<p class="p3"><b><i>“Il Laboratorio della Democrazia”</i></b></p>
<p class="p3">Democrazia e Orchestra Sinfonica non sono quasi mai citate in uno stesso discorso, ma io vorrei dimostrare che l&#8217;orchestra è la migliore metafora di una società in cui interagiscono voci diverse e in cui elementi apparentemente inconciliabili si combinano per formare un insieme armonioso. In nessun caso la volontà e l&#8217;istinto di coesistere sono così forti come in un&#8217;orchestra. Questo, in linea con una mutevole cultura della leadership, mi permette di dimostrare che ogni istanza di conflitto umano e la sua risoluzione si trova anche nelle pagine di ogni grande sinfonia. Le prove si svolgerebbero con il pubblico presente,<span class="Apple-converted-space">  </span>utilizzando i cinque concetti base della democrazia come punti di riferimento: leggi dettate dalla maggioranza e diritti delle minoranze, uguaglianza davanti alla legge, valore individuale, compromesso, libertà personale.</p>
<p class="p3">Inoltre, in merito alla natura della leadership: in un&#8217;orchestra non c&#8217;è posto per un dittatore musicale. Un leader può diventare necessario ed anche un “male necessario” nel contesto storico. In un&#8217;orchestra, il ruolo del direttore è quello di responsabilizzare i musicisti attraverso la condivisione di informazioni, quello di motivarli a contribuire verso un “tutto” più grande di se stessi.</p>
<p class="p3">Oltre a quanto già detto, durante la sessione di prove aperte cercherei anche di far riflettere sull&#8217;importanza di ascoltare le esibizioni dal vivo in un mondo in cui l&#8217;ascolto è stato per lo più limitato alle registrazioni. Questo consentirebbe di sperimentare davvero il concetto di tempo come materia prima di cui è fatta la musica, incoraggiando una cultura dell&#8217;ascolto che aiuti a dare un senso a ogni secondo come una realtà fugace, la lunghezza di una frase musicale o un&#8217;opera come metafora dell&#8217;essere vivi, la musica come unica attività umana che ci rende consapevoli della caducità del tempo e che ci incoraggia quindi a valorizzarlo. Questa consapevolezza dovrebbe essere parte di qualsiasi argomentazione sull&#8217;esistenza di un&#8217;orchestra.</p>
<p>[/et_pb_text][et_pb_divider color=&#8221;#000000&#8243; _builder_version=&#8221;4.3.2&#8243;][/et_pb_divider][/et_pb_column][/et_pb_row][et_pb_row _builder_version=&#8221;4.3.2&#8243;][et_pb_column type=&#8221;4_4&#8243; _builder_version=&#8221;4.3.2&#8243;][et_pb_image src=&#8221;https://apmanagement.eu/it/wp-content/uploads/2022/02/20170830_Turecka-filharmonie-mladych_22_c_PetraHajska-copia-scaled.jpg&#8221; title_text=&#8221;20170830_Turecka filharmonie mladych_22_(c)_PetraHajska copia&#8221; align=&#8221;center&#8221; _builder_version=&#8221;4.9.4&#8243; width=&#8221;60%&#8221;][/et_pb_image][/et_pb_column][/et_pb_row][et_pb_row _builder_version=&#8221;4.3.2&#8243;][et_pb_column type=&#8221;4_4&#8243; _builder_version=&#8221;4.3.2&#8243;][et_pb_button button_url=&#8221;https://apmanagement.eu/it/cem-mansur/&#8221; button_text=&#8221;SCOPRI DI PIÙ SU CEM&#8221; button_alignment=&#8221;center&#8221; _builder_version=&#8221;4.9.4&#8243;][/et_pb_button][/et_pb_column][/et_pb_row][/et_pb_section]</p>

<p>Il Laboratorio della Democrazia UN PROGETTO DI CEM MANSUR Il Laboratorio della Democrazia – Una Sessione Orchestrale In tutto il mondo, i promotori musicali sono ormai sempre più preoccupati riguardo all&#8217;invecchiamento e alla progressiva diminuzione del pubblico interessato alla fruizione di spettacoli di musica classica. C&#8217;è una pervasiva e generale sensazione che questo tipo di [&hellip;]</p>
