{"id":7120,"date":"2025-05-28T12:17:19","date_gmt":"2025-05-28T10:17:19","guid":{"rendered":"https:\/\/apmanagement.eu\/it\/?page_id=7120"},"modified":"2026-05-22T14:43:36","modified_gmt":"2026-05-22T12:43:36","slug":"trio-spagnolo-lisci-pascal","status":"publish","type":"page","link":"https:\/\/apmanagement.eu\/it\/trio-spagnolo-lisci-pascal\/","title":{"rendered":"TRIO KEVIN SPAGNOLO"},"content":{"rendered":"<p>[et_pb_section fb_built=&#8221;1&#8243; admin_label=&#8221;Page Title Section&#8221; _builder_version=&#8221;4.27.4&#8243; background_color_gradient_direction=&#8221;115deg&#8221; background_image=&#8221;https:\/\/apmanagement.eu\/it\/wp-content\/uploads\/2025\/05\/Trio-LSP_2-credit-LORES-scaled.jpg&#8221; parallax=&#8221;on&#8221; custom_padding=&#8221;467px||0px|||&#8221; locked=&#8221;off&#8221; global_colors_info=&#8221;{}&#8221;][et_pb_row _builder_version=&#8221;4.27.0&#8243; background_color=&#8221;#383e59&#8243; background_size=&#8221;initial&#8221; background_position=&#8221;top_left&#8221; background_repeat=&#8221;repeat&#8221; max_width=&#8221;1043px&#8221; custom_margin=&#8221;|-29px||0px||&#8221; custom_padding=&#8221;18px|40px||10%||&#8221; animation_style=&#8221;slide&#8221; animation_direction=&#8221;left&#8221; animation_intensity_slide=&#8221;2%&#8221; border_radii=&#8221;||6px|6px|&#8221; border_width_right=&#8221;30px&#8221; border_color_right=&#8221;#bdada0&#8243; use_custom_width=&#8221;on&#8221; custom_width_px=&#8221;960px&#8221; locked=&#8221;off&#8221; global_colors_info=&#8221;{}&#8221;][et_pb_column type=&#8221;4_4&#8243; _builder_version=&#8221;4.16&#8243; custom_padding=&#8221;|||&#8221; custom_padding_tablet=&#8221;|||10%&#8221; custom_padding_last_edited=&#8221;off|desktop&#8221; global_colors_info=&#8221;{}&#8221; custom_padding__hover=&#8221;|||&#8221;][et_pb_text admin_label=&#8221;Title&#8221; _builder_version=&#8221;4.27.4&#8243; header_font=&#8221;Abhaya Libre|700|||||||&#8221; header_font_size=&#8221;70px&#8221; header_line_height=&#8221;1.2em&#8221; header_2_font_size=&#8221;39px&#8221; background_layout=&#8221;dark&#8221; custom_margin=&#8221;|||-161px||&#8221; custom_padding=&#8221;|0px||0px||&#8221; header_font_size_tablet=&#8221;40px&#8221; header_font_size_phone=&#8221;&#8221; header_font_size_last_edited=&#8221;on|tablet&#8221; global_colors_info=&#8221;{}&#8221;]<\/p>\n<h1 style=\"text-align: left;\">Trio Spagnolo &#8211; Lisci &#8211; Pascal<\/h1>\n<h2>Clarinetto &#8211; Arpa &#8211; Violoncello<\/h2>\n<p>&nbsp;<\/p>\n<p>[\/et_pb_text][\/et_pb_column][\/et_pb_row][\/et_pb_section][et_pb_section fb_built=&#8221;1&#8243; _builder_version=&#8221;4.16&#8243; custom_margin=&#8221;0px|||||&#8221; global_colors_info=&#8221;{}&#8221;][et_pb_row _builder_version=&#8221;4.16&#8243; background_size=&#8221;initial&#8221; background_position=&#8221;top_left&#8221; background_repeat=&#8221;repeat&#8221; custom_padding=&#8221;2px|||||&#8221; global_colors_info=&#8221;{}&#8221;][et_pb_column type=&#8221;4_4&#8243; _builder_version=&#8221;4.16&#8243; custom_padding=&#8221;|||&#8221; global_colors_info=&#8221;{}&#8221; custom_padding__hover=&#8221;|||&#8221;][et_pb_text admin_label=&#8221;Testo &#8221; _builder_version=&#8221;4.27.4&#8243; text_font_size=&#8221;16px&#8221; text_orientation=&#8221;justified&#8221; global_colors_info=&#8221;{}&#8221;]<\/p>\n<p><strong>Kevin Spagnolo<\/strong>, clarinetto<br \/><strong>Valerio Lisci<\/strong>, arpa<br \/><strong>Aur\u00e9lien Pascal<\/strong>, violoncello<\/p>\n<p>Trascrizioni a cura di Valerio Lisci<\/p>\n<p>&nbsp;<\/p>\n<h2><strong><span class=\"OYPEnA font-feature-liga-off font-feature-clig-off font-feature-calt-off text-decoration-none text-strikethrough-none\">Tre voci diverse, un viaggio attraverso territori sonori inesplorati<\/span><\/strong><\/h2>\n<p>&nbsp;<\/p>\n<p class=\"cvGsUA direction-ltr align-justify para-style-body\"><span class=\"OYPEnA font-feature-liga-off font-feature-clig-off font-feature-calt-off text-decoration-none text-strikethrough-none\">Formazione inedita, dall\u2019amalgama timbrica unica, in cui la variet\u00e0 di articolazioni dell\u2019arpa, unita ai suoni caldi, rotondi e brillanti di violoncello e clarinetto, genera un impasto sonoro la cui espressivit\u00e0 rappresenta un\u2019autentica novit\u00e0 nel panorama artistico di oggi.<\/span><\/p>\n<p class=\"cvGsUA direction-ltr align-justify para-style-body\"><span class=\"OYPEnA font-feature-liga-off font-feature-clig-off font-feature-calt-off text-decoration-none text-strikethrough-none\">Le potenzialit\u00e0 timbriche di questa formazione sono infatti ancora inesplorate e vengono portate ai massimi livelli dai tre esecutori, tra gli artisti pi\u00f9 affermati sulla scena odierna, che spingono i propri strumenti all\u2019estremo superando ogni limite tecnico e unendo l\u2019assoluta padronanza strumentale ad effetti specifici, come il pr\u00e9s de la table o lo slap, e all\u2019uso di percussioni.<\/span><\/p>\n<p class=\"cvGsUA direction-ltr align-justify para-style-body\"><span class=\"OYPEnA font-feature-liga-off font-feature-clig-off font-feature-calt-off text-decoration-none text-strikethrough-none\">Il programma \u00e8 un viaggio nella grande tradizione musicale europea di fine ottocento \u2013 inizio novecento. Per esaltare una poliedricit\u00e0 timbrica cos\u00ec particolare, Valerio Lisci ha infatti realizzato delle trascrizioni in cui i tre strumentisti si spingono ad esplorare le ricche sonorit\u00e0 orchestrali e le melodie evocative tipiche del tardo romanticismo.<\/span><\/p>\n<p class=\"cvGsUA direction-ltr align-justify para-style-body\"><span class=\"OYPEnA font-feature-liga-off font-feature-clig-off font-feature-calt-off text-decoration-none text-strikethrough-none\">Da Debussy a Faur\u00e9, da Strauss a Rachmaninov, ogni brano \u00e8 proposto sotto una nuova luce, reinterpretandone lo spirito attraverso le potenzialit\u00e0 di una formazione cameristica nuova. Le sonorit\u00e0 eteree e sognanti di <\/span><span class=\"OYPEnA font-feature-liga-off font-feature-clig-off font-feature-calt-off text-decoration-none text-strikethrough-none\">Premi\u00e8re Rhapsodie<\/span><span class=\"OYPEnA font-feature-liga-off font-feature-clig-off font-feature-calt-off text-decoration-none text-strikethrough-none\"> e <\/span><span class=\"OYPEnA font-feature-liga-off font-feature-clig-off font-feature-calt-off text-decoration-none text-strikethrough-none\">Une Chatelaine en sa tour<\/span><span class=\"OYPEnA font-feature-liga-off font-feature-clig-off font-feature-calt-off text-decoration-none text-strikethrough-none\"> si alternano all\u2019intensit\u00e0 lirica di Morgen e alla profondit\u00e0 espressiva dei Nocturnes e dei Pr\u00e9ludes di Rachmaninov.<\/span><\/p>\n<p class=\"cvGsUA direction-ltr align-justify para-style-body\"><span class=\"OYPEnA font-feature-liga-off font-feature-clig-off font-feature-calt-off text-decoration-none text-strikethrough-none\">Il culmine del programma \u00e8 la Danza dei Sette Veli di R. Strauss, in cui il virtuosismo degli esecutori \u00e8 spinto forse al suo limite massimo: la componente ritmica ha infatti una complessit\u00e0 estrema e prevede l\u2019uso di sonagli per il clarinetto, del piatto per l\u2019arpa e della cassa per il violoncello.<\/span><\/p>\n<p><em>In collaborazione con <a href=\"https:\/\/toretartistmanagement.com\/progetti\/trio-lisci-spagnolo-pascal\/\" target=\"_blank\" rel=\"noopener\"><strong>Toret Artist Management<\/strong><\/a><\/em><\/p>\n<p><img loading=\"lazy\" decoding=\"async\" class=\"aligncenter wp-image-7117 \" src=\"https:\/\/apmanagement.eu\/it\/wp-content\/uploads\/2025\/05\/Trio-LSP_2-credit-LORES-1024x681.jpg\" alt=\"\" width=\"696\" height=\"463\" \/><\/p>\n<p>[\/et_pb_text][et_pb_button button_url=&#8221;https:\/\/apmanagement.eu\/it\/wp-content\/uploads\/2026\/05\/Presentazione-Proposta-Trio-Spagnolo-Lisci-Pascal-PROGRAMMA-2026-convertito.pdf&#8221; button_text=&#8221;SCARICA LA BROCHURE&#8221; button_alignment=&#8221;center&#8221; admin_label=&#8221; Bottone brochure&#8221; _builder_version=&#8221;4.27.4&#8243; _module_preset=&#8221;default&#8221; hover_enabled=&#8221;0&#8243; global_colors_info=&#8221;{}&#8221; sticky_enabled=&#8221;0&#8243;][\/et_pb_button][\/et_pb_column][\/et_pb_row][et_pb_row _builder_version=&#8221;4.16&#8243; global_colors_info=&#8221;{}&#8221;][et_pb_column type=&#8221;4_4&#8243; _builder_version=&#8221;4.16&#8243; global_colors_info=&#8221;{}&#8221;][et_pb_divider color=&#8221;#000000&#8243; _builder_version=&#8221;4.16&#8243; global_colors_info=&#8221;{}&#8221;][\/et_pb_divider][et_pb_text admin_label=&#8221;Titolo video&#8221; _builder_version=&#8221;4.27.0&#8243; _module_preset=&#8221;default&#8221; global_colors_info=&#8221;{}&#8221;]<\/p>\n<h4 class=\"p1\" style=\"text-align: center;\"><strong>VIDEO<\/strong><\/h4>\n<p>[\/et_pb_text][et_pb_video_slider _builder_version=&#8221;4.27.4&#8243; _module_preset=&#8221;default&#8221; global_colors_info=&#8221;{}&#8221;][et_pb_video_slider_item src=&#8221;https:\/\/youtu.be\/gM1xe-IpcfI?si=2hYeDGvsz_HMBtKC&#8221; _builder_version=&#8221;4.27.4&#8243; _module_preset=&#8221;default&#8221; global_colors_info=&#8221;{}&#8221; show_image_overlay=&#8221;off&#8221;][\/et_pb_video_slider_item][et_pb_video_slider_item src=&#8221;https:\/\/youtu.be\/kyPSYSZiU2c?si=CldnsruIFTmn4Vdx&#8221; _builder_version=&#8221;4.27.4&#8243; _module_preset=&#8221;default&#8221; global_colors_info=&#8221;{}&#8221; show_image_overlay=&#8221;off&#8221;][\/et_pb_video_slider_item][et_pb_video_slider_item src=&#8221;https:\/\/youtu.be\/HHsi3C8hGcE?si=WTd1xaa6lr_UG5uT&#8221; _builder_version=&#8221;4.27.4&#8243; _module_preset=&#8221;default&#8221; global_colors_info=&#8221;{}&#8221; show_image_overlay=&#8221;off&#8221;][\/et_pb_video_slider_item][\/et_pb_video_slider][et_pb_divider color=&#8221;#000000&#8243; _builder_version=&#8221;4.16&#8243; global_colors_info=&#8221;{}&#8221;][\/et_pb_divider][\/et_pb_column][\/et_pb_row][\/et_pb_section]<\/p>\n","protected":false},"excerpt":{"rendered":"<p>Trio Spagnolo &#8211; Lisci &#8211; Pascal Clarinetto &#8211; Arpa &#8211; Violoncello &nbsp;Kevin Spagnolo, clarinettoValerio Lisci, arpaAur\u00e9lien Pascal, violoncello Trascrizioni a cura di Valerio Lisci &nbsp; Tre voci diverse, un viaggio attraverso territori sonori inesplorati &nbsp; Formazione inedita, dall\u2019amalgama timbrica unica, in cui la variet\u00e0 di articolazioni dell\u2019arpa, unita ai suoni caldi, rotondi e brillanti di [&hellip;]<\/p>\n","protected":false},"author":2,"featured_media":0,"parent":0,"menu_order":0,"comment_status":"closed","ping_status":"closed","template":"","meta":{"_et_pb_use_builder":"on","_et_pb_old_content":"","_et_gb_content_width":"","footnotes":""},"class_list":["post-7120","page","type-page","status-publish","hentry"],"_links":{"self":[{"href":"https:\/\/apmanagement.eu\/it\/wp-json\/wp\/v2\/pages\/7120","targetHints":{"allow":["GET"]}}],"collection":[{"href":"https:\/\/apmanagement.eu\/it\/wp-json\/wp\/v2\/pages"}],"about":[{"href":"https:\/\/apmanagement.eu\/it\/wp-json\/wp\/v2\/types\/page"}],"author":[{"embeddable":true,"href":"https:\/\/apmanagement.eu\/it\/wp-json\/wp\/v2\/users\/2"}],"replies":[{"embeddable":true,"href":"https:\/\/apmanagement.eu\/it\/wp-json\/wp\/v2\/comments?post=7120"}],"version-history":[{"count":24,"href":"https:\/\/apmanagement.eu\/it\/wp-json\/wp\/v2\/pages\/7120\/revisions"}],"predecessor-version":[{"id":7856,"href":"https:\/\/apmanagement.eu\/it\/wp-json\/wp\/v2\/pages\/7120\/revisions\/7856"}],"wp:attachment":[{"href":"https:\/\/apmanagement.eu\/it\/wp-json\/wp\/v2\/media?parent=7120"}],"curies":[{"name":"wp","href":"https:\/\/api.w.org\/{rel}","templated":true}]}}

<p>[et_pb_section fb_built=&#8221;1&#8243; admin_label=&#8221;Page Title Section&#8221; _builder_version=&#8221;4.27.4&#8243; background_color_gradient_direction=&#8221;115deg&#8221; background_image=&#8221;https://apmanagement.eu/it/wp-content/uploads/2025/05/Trio-LSP_2-credit-LORES-scaled.jpg&#8221; parallax=&#8221;on&#8221; custom_padding=&#8221;467px||0px|||&#8221; locked=&#8221;off&#8221; global_colors_info=&#8221;{}&#8221;][et_pb_row _builder_version=&#8221;4.27.0&#8243; background_color=&#8221;#383e59&#8243; background_size=&#8221;initial&#8221; background_position=&#8221;top_left&#8221; background_repeat=&#8221;repeat&#8221; max_width=&#8221;1043px&#8221; custom_margin=&#8221;|-29px||0px||&#8221; custom_padding=&#8221;18px|40px||10%||&#8221; animation_style=&#8221;slide&#8221; animation_direction=&#8221;left&#8221; animation_intensity_slide=&#8221;2%&#8221; border_radii=&#8221;||6px|6px|&#8221; border_width_right=&#8221;30px&#8221; border_color_right=&#8221;#bdada0&#8243; use_custom_width=&#8221;on&#8221; custom_width_px=&#8221;960px&#8221; locked=&#8221;off&#8221; global_colors_info=&#8221;{}&#8221;][et_pb_column type=&#8221;4_4&#8243; _builder_version=&#8221;4.16&#8243; custom_padding=&#8221;|||&#8221; custom_padding_tablet=&#8221;|||10%&#8221; custom_padding_last_edited=&#8221;off|desktop&#8221; global_colors_info=&#8221;{}&#8221; custom_padding__hover=&#8221;|||&#8221;][et_pb_text admin_label=&#8221;Title&#8221; _builder_version=&#8221;4.27.4&#8243; header_font=&#8221;Abhaya Libre|700|||||||&#8221; header_font_size=&#8221;70px&#8221; header_line_height=&#8221;1.2em&#8221; header_2_font_size=&#8221;39px&#8221; background_layout=&#8221;dark&#8221; custom_margin=&#8221;|||-161px||&#8221; custom_padding=&#8221;|0px||0px||&#8221; header_font_size_tablet=&#8221;40px&#8221; header_font_size_phone=&#8221;&#8221; header_font_size_last_edited=&#8221;on|tablet&#8221; global_colors_info=&#8221;{}&#8221;]</p>
<h1 style="text-align: left;">Trio Spagnolo &#8211; Lisci &#8211; Pascal</h1>
<h2>Clarinetto &#8211; Arpa &#8211; Violoncello</h2>
<p>&nbsp;</p>
<p>[/et_pb_text][/et_pb_column][/et_pb_row][/et_pb_section][et_pb_section fb_built=&#8221;1&#8243; _builder_version=&#8221;4.16&#8243; custom_margin=&#8221;0px|||||&#8221; global_colors_info=&#8221;{}&#8221;][et_pb_row _builder_version=&#8221;4.16&#8243; background_size=&#8221;initial&#8221; background_position=&#8221;top_left&#8221; background_repeat=&#8221;repeat&#8221; custom_padding=&#8221;2px|||||&#8221; global_colors_info=&#8221;{}&#8221;][et_pb_column type=&#8221;4_4&#8243; _builder_version=&#8221;4.16&#8243; custom_padding=&#8221;|||&#8221; global_colors_info=&#8221;{}&#8221; custom_padding__hover=&#8221;|||&#8221;][et_pb_text admin_label=&#8221;Testo &#8221; _builder_version=&#8221;4.27.4&#8243; text_font_size=&#8221;16px&#8221; text_orientation=&#8221;justified&#8221; global_colors_info=&#8221;{}&#8221;]</p>
<p><strong>Kevin Spagnolo</strong>, clarinetto<br /><strong>Valerio Lisci</strong>, arpa<br /><strong>Aurélien Pascal</strong>, violoncello</p>
<p>Trascrizioni a cura di Valerio Lisci</p>
<p>&nbsp;</p>
<h2><strong><span class="OYPEnA font-feature-liga-off font-feature-clig-off font-feature-calt-off text-decoration-none text-strikethrough-none">Tre voci diverse, un viaggio attraverso territori sonori inesplorati</span></strong></h2>
<p>&nbsp;</p>
<p class="cvGsUA direction-ltr align-justify para-style-body"><span class="OYPEnA font-feature-liga-off font-feature-clig-off font-feature-calt-off text-decoration-none text-strikethrough-none">Formazione inedita, dall’amalgama timbrica unica, in cui la varietà di articolazioni dell’arpa, unita ai suoni caldi, rotondi e brillanti di violoncello e clarinetto, genera un impasto sonoro la cui espressività rappresenta un’autentica novità nel panorama artistico di oggi.</span></p>
<p class="cvGsUA direction-ltr align-justify para-style-body"><span class="OYPEnA font-feature-liga-off font-feature-clig-off font-feature-calt-off text-decoration-none text-strikethrough-none">Le potenzialità timbriche di questa formazione sono infatti ancora inesplorate e vengono portate ai massimi livelli dai tre esecutori, tra gli artisti più affermati sulla scena odierna, che spingono i propri strumenti all’estremo superando ogni limite tecnico e unendo l’assoluta padronanza strumentale ad effetti specifici, come il prés de la table o lo slap, e all’uso di percussioni.</span></p>
<p class="cvGsUA direction-ltr align-justify para-style-body"><span class="OYPEnA font-feature-liga-off font-feature-clig-off font-feature-calt-off text-decoration-none text-strikethrough-none">Il programma è un viaggio nella grande tradizione musicale europea di fine ottocento – inizio novecento. Per esaltare una poliedricità timbrica così particolare, Valerio Lisci ha infatti realizzato delle trascrizioni in cui i tre strumentisti si spingono ad esplorare le ricche sonorità orchestrali e le melodie evocative tipiche del tardo romanticismo.</span></p>
<p class="cvGsUA direction-ltr align-justify para-style-body"><span class="OYPEnA font-feature-liga-off font-feature-clig-off font-feature-calt-off text-decoration-none text-strikethrough-none">Da Debussy a Fauré, da Strauss a Rachmaninov, ogni brano è proposto sotto una nuova luce, reinterpretandone lo spirito attraverso le potenzialità di una formazione cameristica nuova. Le sonorità eteree e sognanti di </span><span class="OYPEnA font-feature-liga-off font-feature-clig-off font-feature-calt-off text-decoration-none text-strikethrough-none">Première Rhapsodie</span><span class="OYPEnA font-feature-liga-off font-feature-clig-off font-feature-calt-off text-decoration-none text-strikethrough-none"> e </span><span class="OYPEnA font-feature-liga-off font-feature-clig-off font-feature-calt-off text-decoration-none text-strikethrough-none">Une Chatelaine en sa tour</span><span class="OYPEnA font-feature-liga-off font-feature-clig-off font-feature-calt-off text-decoration-none text-strikethrough-none"> si alternano all’intensità lirica di Morgen e alla profondità espressiva dei Nocturnes e dei Préludes di Rachmaninov.</span></p>
<p class="cvGsUA direction-ltr align-justify para-style-body"><span class="OYPEnA font-feature-liga-off font-feature-clig-off font-feature-calt-off text-decoration-none text-strikethrough-none">Il culmine del programma è la Danza dei Sette Veli di R. Strauss, in cui il virtuosismo degli esecutori è spinto forse al suo limite massimo: la componente ritmica ha infatti una complessità estrema e prevede l’uso di sonagli per il clarinetto, del piatto per l’arpa e della cassa per il violoncello.</span></p>
<p><em>In collaborazione con <a href="https://toretartistmanagement.com/progetti/trio-lisci-spagnolo-pascal/" target="_blank" rel="noopener"><strong>Toret Artist Management</strong></a></em></p>
<p><img loading="lazy" decoding="async" class="aligncenter wp-image-7117 " src="https://apmanagement.eu/it/wp-content/uploads/2025/05/Trio-LSP_2-credit-LORES-1024x681.jpg" alt="" width="696" height="463" /></p>
<p>[/et_pb_text][et_pb_button button_url=&#8221;https://apmanagement.eu/it/wp-content/uploads/2026/05/Presentazione-Proposta-Trio-Spagnolo-Lisci-Pascal-PROGRAMMA-2026-convertito.pdf&#8221; button_text=&#8221;SCARICA LA BROCHURE&#8221; button_alignment=&#8221;center&#8221; admin_label=&#8221; Bottone brochure&#8221; _builder_version=&#8221;4.27.4&#8243; _module_preset=&#8221;default&#8221; hover_enabled=&#8221;0&#8243; global_colors_info=&#8221;{}&#8221; sticky_enabled=&#8221;0&#8243;][/et_pb_button][/et_pb_column][/et_pb_row][et_pb_row _builder_version=&#8221;4.16&#8243; global_colors_info=&#8221;{}&#8221;][et_pb_column type=&#8221;4_4&#8243; _builder_version=&#8221;4.16&#8243; global_colors_info=&#8221;{}&#8221;][et_pb_divider color=&#8221;#000000&#8243; _builder_version=&#8221;4.16&#8243; global_colors_info=&#8221;{}&#8221;][/et_pb_divider][et_pb_text admin_label=&#8221;Titolo video&#8221; _builder_version=&#8221;4.27.0&#8243; _module_preset=&#8221;default&#8221; global_colors_info=&#8221;{}&#8221;]</p>
<h4 class="p1" style="text-align: center;"><strong>VIDEO</strong></h4>
<p>[/et_pb_text][et_pb_video_slider _builder_version=&#8221;4.27.4&#8243; _module_preset=&#8221;default&#8221; global_colors_info=&#8221;{}&#8221;][et_pb_video_slider_item src=&#8221;https://youtu.be/gM1xe-IpcfI?si=2hYeDGvsz_HMBtKC&#8221; _builder_version=&#8221;4.27.4&#8243; _module_preset=&#8221;default&#8221; global_colors_info=&#8221;{}&#8221; show_image_overlay=&#8221;off&#8221;][/et_pb_video_slider_item][et_pb_video_slider_item src=&#8221;https://youtu.be/kyPSYSZiU2c?si=CldnsruIFTmn4Vdx&#8221; _builder_version=&#8221;4.27.4&#8243; _module_preset=&#8221;default&#8221; global_colors_info=&#8221;{}&#8221; show_image_overlay=&#8221;off&#8221;][/et_pb_video_slider_item][et_pb_video_slider_item src=&#8221;https://youtu.be/HHsi3C8hGcE?si=WTd1xaa6lr_UG5uT&#8221; _builder_version=&#8221;4.27.4&#8243; _module_preset=&#8221;default&#8221; global_colors_info=&#8221;{}&#8221; show_image_overlay=&#8221;off&#8221;][/et_pb_video_slider_item][/et_pb_video_slider][et_pb_divider color=&#8221;#000000&#8243; _builder_version=&#8221;4.16&#8243; global_colors_info=&#8221;{}&#8221;][/et_pb_divider][/et_pb_column][/et_pb_row][/et_pb_section]</p>

<p>Trio Spagnolo &#8211; Lisci &#8211; Pascal Clarinetto &#8211; Arpa &#8211; Violoncello &nbsp;Kevin Spagnolo, clarinettoValerio Lisci, arpaAurélien Pascal, violoncello Trascrizioni a cura di Valerio Lisci &nbsp; Tre voci diverse, un viaggio attraverso territori sonori inesplorati &nbsp; Formazione inedita, dall’amalgama timbrica unica, in cui la varietà di articolazioni dell’arpa, unita ai suoni caldi, rotondi e brillanti di [&hellip;]</p>
